ctor of 18 and i.
9
Let x = -162 - -169. Let v(k) = -2*k**2 + 14*k + 24. Let h be v(x). Let s be 140/7*(-108)/(-10). What is the greatest common factor of s and h?
24
Let t be (9/(-3) + 28)*(0 - -1). Suppose -22*z - 33 = -t*z. Calculate the greatest common divisor of 55 and z.
11
Let h(k) = -43*k - 2519. Let x be h(-59). What is the greatest common factor of 342 and x?
18
Let m = 131 - 292. Let c be (m/(-14) + -11)*(-1 + 19). What is the greatest common divisor of c and 252?
9
Suppose 0*s + 16*s - 32 = 0. Suppose -4*x + 133 = -3*n, s*n = 6*n + 12. What is the highest common divisor of 279 and x?
31
Let z(j) = 7*j**3 + j**2 - 5*j - 2. Let p be z(2). Calculate the greatest common divisor of p and 522.
6
Let b(l) = 6*l**3 - 452*l**2 + 172*l - 137. Let v be b(76). Calculate the highest common divisor of v and 41.
41
Let w = -1212 - -2976. Calculate the greatest common factor of w and 126.
126
Suppose -4*h + 84 - 221 = 5*b, 0 = 4*h + b + 117. Let u = 39 + h. Suppose -u*n + 13*n - 286 = 0. What is the greatest common divisor of 13 and n?
13
Let z(u) = 4*u**2 + u - 2. Let d be z(-4). Let q(n) = 246*n + 3952. Let c be q(-13). What is the highest common factor of d and c?
58
Suppose 0 = 34*t - 495 - 729. What is the highest common divisor of t and 387?
9
Let h be (3599/(-183))/((1/(-360))/((-2)/(-4))). What is the highest common divisor of 180 and h?
60
Let y = 14166 - 418. What is the greatest common factor of y and 28?
28
Suppose 0 = -4*x - 16*x + 540. Suppose 15 = x*k - 26*k. What is the highest common factor of 135 and k?
15
Let h be ((-15)/(-10))/(-3)*-38. Suppose 7*k - 23 = h. Suppose 5*p + k = -q, -5*q = -2*p - p - 26. Calculate the highest common factor of q and 12.
4
Suppose 4*z = -2*u + 386, 4*u + 195 - 7 = 2*z. Suppose -13*q + z = -10*q. What is the highest common factor of q and 2?
2
Let y(m) = -m**3 + 2*m**2 + m + 2. Let a be y(0). Suppose 0 = -5*f - a*x + 1510, 3*x - 232 - 361 = -2*f. What is the highest common factor of 19 and f?
19
Let i = 3261 + -3260. Calculate the greatest common divisor of 25 and i.
1
Let s(l) = -l**3 + 8*l**2 + 34*l + 11. Suppose f = 2*o + 3, -4*f + 4*o + 18 + 10 = 0. Let i be s(f). Calculate the highest common factor of i and 506.
22
Let b(n) be the second derivative of n**4/12 - n**3/6 + 5*n**2/2 - 25*n. Let k be b(-10). Calculate the greatest common divisor of 69 and k.
23
Suppose -5*n = 5, 5*y = 2*y + 5*n + 152. Suppose -4*v + 116*s = 121*s - 1422, -v + 313 = -3*s. What is the highest common divisor of v and y?
49
Let r = 86 - -95. Let t = 293 - r. Calculate the greatest common divisor of 14 and t.
14
Let m(i) = -15*i + 240. Let c be m(16). Suppose -5*j + 72 + 438 = c. What is the greatest common factor of 12 and j?
6
Let c(x) = 386*x**3 - x**2 - 2*x - 1. Let m be c(-1). Let u be m/(-8) - 7/28. What is the greatest common factor of 6 and u?
6
Let o = -2717 - -2949. Calculate the greatest common factor of 986 and o.
58
Let c be 0/(7 - (-6 + 14)). Suppose c = 32*z - 2980 - 1180. Calculate the greatest common divisor of 52 and z.
26
Suppose 0 = -84*z + 85*z - 2. Suppose z*h = 33 + 79. What is the highest common divisor of h and 24?
8
Let y = -84 + 136. Let n(f) = -48*f - 498. Let t be n(-12). What is the greatest common factor of y and t?
26
Let j(h) = 3*h**2 + h - 2. Let d be j(-4). Let k(w) = 6*w + 126 - 15*w**3 - 8*w + 16*w**3. Let x be k(0). Calculate the greatest common factor of x and d.
42
Suppose 3*b - 51 = m, -m + 164 = -5*m + 4*b. Let a be (141/(-94))/(1 - (-38)/m). Calculate the highest common divisor of a and 1.
1
Suppose 126 = -274*a + 283*a. What is the highest common divisor of a and 3206?
14
Let j = 709 - 703. What is the greatest common factor of j and 1566?
6
Let u(f) = -42*f - 112. Suppose 2*z + 10*c + 5 = 9*c, -5*c = -3*z - 40. Let g be u(z). What is the greatest common divisor of 28 and g?
14
Let g = 16554 + -16444. Calculate the greatest common factor of g and 1056.
22
Let v be ((-2301)/1593)/((-8)/(-9) - 1). What is the highest common factor of 52 and v?
13
Let t = 11168 - 7765. Calculate the greatest common factor of t and 83.
83
Let a = -18 + -19. Let f = -21 - a. Let i = -104 + 280. Calculate the highest common factor of i and f.
16
Suppose 48 = 4*s - 5*l, 2*s + 704 = -8*l + 686. Calculate the highest common divisor of 12439 and s.
7
Let q(y) = -y**3 - 21*y**2 + 47*y + 42. Let t be q(-26). Calculate the greatest common factor of 80 and t.
40
Let u be -1*111*(40/15)/(-8). Let b = 38 - u. Let k = b + 11. What is the highest common factor of 12 and k?
12
Suppose 140 = w + 13*w. Let l(n) = -n**2 + 15*n - 42. Let s be l(w). Calculate the greatest common factor of s and 16.
8
Suppose 5*k + 2*m = 1147, 4*m = -0*k + 4*k - 940. Let h = k + -207. Calculate the greatest common factor of 24 and h.
24
Suppose 3*r + 5*a = 5, -3 = -3*r + 7*r - 3*a. Suppose -5*f = -r*f + 385. Let g = f - -82. What is the highest common divisor of g and 1?
1
Let t = -8529 - -12626. What is the highest common divisor of t and 68?
17
Suppose -4*f + 5*f - 19 = 0. Suppose -3*v = -k + f, 2*v + 14 + 0 = k. Let x be v + 50 + -4 + 1. Calculate the greatest common divisor of 210 and x.
42
Let v be 42 + -7 + (-3 - -5). Suppose -v*w = -48*w + 55. Let s(l) = l**3 + 7*l**2 + 4*l - 2. Let o be s(-6). What is the highest common factor of o and w?
5
Let f be 54/(-15)*((-135)/(-2))/(-9). What is the greatest common divisor of 1350 and f?
27
Let p(c) = -7*c**2 + 47*c + 5. Let n be p(7). Let b(y) = y**2 + 13*y + 43. Let i be b(n). What is the greatest common factor of 21 and i?
7
Let q(i) = -397*i + 7056. Let c be q(0). What is the highest common divisor of 432 and c?
144
Suppose 21*m - 20266 - 14175 = 2939. Calculate the greatest common divisor of 8 and m.
4
Let y(x) = x**3 + 17*x**2 - 20*x - 24. Let d be y(-18). Suppose l - d*l = -143. Calculate the greatest common divisor of 39 and l.
13
Let a = -242 - -252. Let i = 322 - a. Calculate the greatest common divisor of i and 48.
24
Let w be 2 + (-64)/30 + (-1513072)/(-165). What is the highest common factor of 28 and w?
14
Suppose 0 = 2*c - z - 4, z + 4*z + 5 = 5*c. Let j be (-170 - 1)/(c/(-2)). Let r = -388 + 559. What is the greatest common factor of r and j?
57
Let p(f) = f**2 - 2*f + 6. Let t be p(4). Let b(h) = 2*h**3 + 5*h - 10. Let d be b(2). Suppose 102 + 10 = d*v. Calculate the highest common divisor of t and v.
7
Let n be (7/(-21) + 3)*6. What is the highest common divisor of n and 752?
16
Let d(n) = n**2 + n - 7. Let s be d(-3). Let v be (s/2)/((-9)/90). Suppose v*c = -4*h + 27 + 15, 2*c - 35 = -3*h. What is the highest common factor of 78 and h?
13
Let y be (-837)/(-189) - 6/14. Let g be (-2 - 1) + y - 0. What is the highest common factor of 3 and g?
1
Suppose -2*p = -88 - 60. Let l be p/3 + 6/18. Let s be ((90/8)/3)/(-8*150/(-64000)). What is the greatest common divisor of s and l?
25
Suppose -64*c + 933 + 1009 = -2986. Calculate the highest common divisor of 455 and c.
7
Suppose -5588 - 23944 = -6*j. Calculate the greatest common divisor of j and 92.
46
Let k be -41 - -109 - (2 - 1). Let g be (k - 44)/(-1 + (-4)/(-2)). What is the greatest common divisor of g and 161?
23
Let b be 90/(-135)*(-2010)/4. Suppose 61 = s - 6. Calculate the greatest common factor of s and b.
67
Suppose -8*f + 0*f = -40. Suppose f*h = 5*n - 0*n + 15, 15 = -n - 5*h. Let v be (n/(-10) + -2)/((-6)/16). Calculate the highest common divisor of v and 4.
4
Suppose 4*o - p - 65 = 0, 2*p + 22 = 3*o - 33. Let v be 9/o - 447/(-5). Suppose 3*i = 12*i - v. Calculate the highest common divisor of 25 and i.
5
Let u(d) = -d**3 + 49*d**2 + d. Let a be u(49). Calculate the greatest common divisor of 595 and a.
7
Let f(q) = -28*q + 1. Let s be f(-8). Suppose 2*w = 6, 2*v - 4*w - s = 43. What is the greatest common factor of v and 56?
28
Let f = 75 - 54. Let i be 4 - 5*(-3)/15*206. Suppose a + i = 3*a. Calculate the highest common factor of f and a.
21
Let p = -2357 + 2364. Suppose 5*r - 230 = -2*l, 0*l + 4*l = 4*r + 460. Suppose 4*q = l - p. What is the greatest common factor of 135 and q?
27
Suppose -6*x + 11 = -25. Suppose -11 = -t - x. Suppose 18*h - t = 17*h. What is the greatest common factor of 1 and h?
1
Let x(w) = 1262*w - 2459. Let s be x(2). Let i be (3 + -1)/(-2)*-13. What is the highest common factor of 